= -4*q + 5*f + 83, 0 = -q - f + 59. Calculate the greatest common divisor of q and 7.
7
Let m be (-12)/(4 + -1) + 6. Let p be 22 + (3 + 1)/m. What is the greatest common factor of p and 6?
6
Let f(r) = -r + 14. Let s be f(0). Suppose z - 5*c - 17 = -2*c, 2*z = -5*c + 1. Let o be (-2)/z + (-987)/(-28). Calculate the highest common factor of o and s.
7
Let r = 745 - 426. What is the highest common factor of 29 and r?
29
Let s be ((-1)/2)/((-4)/288). What is the greatest common factor of s and 126?
18
Let c(x) = -2*x + 8. Let o be c(-9). What is the greatest common factor of 91 and o?
13
Let w(z) = -10 + 8 + 10*z + 0. Let q be w(10). Let u be (1 - -14) + 0 - 1. What is the greatest common divisor of q and u?
14
Suppose -5 = -o - 3. Let h be o/(-15) - (-3528)/135. Calculate the highest common factor of 286 and h.
26
Let q be 12/(-30) - 44/(-10). Suppose 12 = 4*v, z = 4*v - v - q. Suppose z*k = -3*s - 0 + 2, s = 4*k + 12. Calculate the highest common divisor of s and 12.
4
Suppose 52 = 5*u + 4*c, -5*c = -u - 11 + 33. Let g be (-36)/30*40/(-6). Calculate the greatest common divisor of u and g.
4
Let w(r) = 3*r - 2. Let j be w(5). Let t = 37 - j. What is the greatest common factor of t and 12?
12
Suppose 0 = -x + 17 + 31. What is the highest common factor of x and 72?
24
Suppose 4*k - 3*z + 76 - 350 = 0, k - 4*z = 62. Calculate the highest common divisor of k and 28.
14
Let s(x) = x**3 + 7*x**2 - 7*x + 11. Let y be s(-8). Let h(w) = w + 21. Suppose -2*k = -3*k. Let i be h(k). Calculate the highest common divisor of i and y.
3
Let l = -5 + 38. Calculate the highest common divisor of l and 22.
11
Suppose 3*o - 8*o + 40 = 0. Let r = 11 - o. Suppose i = -5*c + 14, -2*i = -4*i - 2. What is the highest common factor of r and c?
3
Suppose -5*s = -2*s - 1119. Let r = -263 + s. What is the highest common factor of r and 10?
10
Let v = -13 + 12. Let n be ((-20)/(-8))/(v/(-6)). Calculate the highest common factor of n and 105.
15
Suppose -w + 31 = v, -159 = -3*v - v + 3*w. Let a = 59 - v. Calculate the highest common factor of a and 207.
23
Let i(b) = -2*b - 1 - 1 + 2 + 3. Let p be i(-6). Calculate the greatest common factor of p and 6.
3
Suppose 4*g - 2*c - 54 = -0*g, -15 = 3*c. Let z be 0 + -2 + (0 - -46). What is the greatest common factor of g and z?
11
Let q(d) = -174*d**3 + 2*d**2 - 1. Let i be q(-1). What is the greatest common factor of i and 7?
7
Let n be 14/2*(-54)/(-63). Let k be (-3)/n + (-98)/(-4). What is the highest common factor of 48 and k?
24
Suppose -4 = 14*z - 16*z. What is the highest common factor of z and 10?
2
Let v be ((-9)/(-63) + 62/56)*12. Suppose 0 = 5*q - 2*q - 3*a + 315, -2*a = -q - 110. Let l be (q/(-6))/(2/9). What is the greatest common factor of l and v?
15
Let c(q) = 5*q + 11. Let t be c(3). Calculate the greatest common divisor of t and 13.
13
Let q = -6 + 31. Calculate the highest common factor of 10 and q.
5
Let g(o) = 29*o + 46. Let k be g(3). Calculate the greatest common factor of 7 and k.
7
Let u be (36/42)/(6/28). Suppose c = 3*t + u + 3, -4*c - 3*t = -103. Suppose 132 = -0*y + 4*y. Calculate the greatest common factor of c and y.
11
Suppose -1242 = -6*d + 3*d. Let f = d - 267. Calculate the greatest common divisor of 21 and f.
21
Let w(m) be the second derivative of 5*m**3 + 3*m. Let l be w(3). Calculate the greatest common factor of 10 and l.
10
Suppose -4*f + 4*v + 27 = 3*v, -f = -4*v - 18. Let r = -7 - -10. What is the greatest common factor of r and f?
3
Suppose -3*r - 2*g + 48 = -g, 0 = 2*r + g - 31. Calculate the greatest common divisor of 17 and r.
17
Let f(g) = 3*g + 4. Let b be f(0). Calculate the highest common divisor of 4 and b.
4
Suppose -4*g = -5*c + 78, c + 2*c + 5*g - 32 = 0. Let u be 64 - -7 - 1*2. Suppose -99 = -3*t + u. What is the greatest common divisor of t and c?
14
Suppose 5*p - 3*z = 151 + 521, p = 5*z + 130. Calculate the highest common divisor of p and 54.
27
Let c(j) = -2*j - 1. Let r be c(-4). Let o = -6 - -13. What is the highest common divisor of o and r?
7
Suppose 4*k - 22 = 5*u, -2*k + 19 = k - 5*u. Suppose -8 = t - k*t. Suppose -t*f + f = -36. What is the highest common factor of f and 96?
12
Let q(v) = -5*v - 6 + 0*v - 21*v. Let w be q(-6). Let i be (5/(-2))/((-5)/w). What is the greatest common divisor of i and 30?
15
Suppose 2*y + 3*y + 5*l = 50, -4*y + 40 = 2*l. Let i(c) = -c - 7. Let q be i(-6). Let x be (2/q)/((-2)/50). Calculate the highest common divisor of x and y.
10
Suppose 0 = -k - 2*k + 9. Suppose -k = 3*h, a - 4*h = 6 + 2. Suppose -v = a*v - 280. Calculate the highest common divisor of v and 7.
7
Let s = 2 - -3. Let g = -1 - s. Let f be (-4)/g + 22/3. Calculate the highest common divisor of 88 and f.
8
Let p(a) = 2*a + 34. Let n be p(-14). What is the greatest common divisor of n and 12?
6
Suppose d - 27 = -2*d. Let y(w) = 64*w - 1. Let m be y(1). Calculate the highest common divisor of m and d.
9
Suppose 49 - 13 = 3*s. Suppose -5*o + 4*z + 65 = -z, -2*o - 4 = 4*z. Calculate the greatest common divisor of o and s.
4
Let d = 7 - 20. Let a(h) = h**2 + 7*h - 3. Let r be a(-6). Let u = r - d. Calculate the greatest common divisor of u and 16.
4
Let c(w) = 3*w - 17. Let o be c(11). Calculate the highest common divisor of o and 64.
16
Let t be 7 - (-1 + 0 + -1). Let m = -14 + t. Let u be (-57)/(-5) + 2/m. Calculate the highest common factor of u and 22.
11
Suppose 5*t + 9 = 119. What is the greatest common factor of 242 and t?
22
Suppose 2*p = -p. Suppose 0*n + 2*n - 192 = p. Let x = -7 - -19. Calculate the highest common factor of n and x.
12
Let s be 4/(-6)*117/(-6). Calculate the greatest common factor of s and 117.
13
Suppose 34 = 3*j - 3*u - 188, u = -5*j + 382. What is the highest common factor of 114 and j?
38
Suppose -f = 3*f. Suppose f = k - 16 + 1. Calculate the highest common factor of 120 and k.
15
Let q be (-8)/36*-3*141. Suppose 0 = 3*b - b + 4*s - q, -5*b - s = -199. Calculate the highest common factor of 26 and b.
13
Suppose -130 - 130 = -5*s. What is the greatest common divisor of s and 26?
26
Let w = 54 - 34. Let b be 0/1 - 130/(-26). Calculate the highest common divisor of w and b.
5
Suppose 2*y - 6 = -0*y. Suppose 5*t + 62 = y*r + 3*t, 0 = 4*r - 4*t - 84. Suppose 11*b - 16*b + 10 = 0. What is the highest common factor of b and r?
2
Let g be 6/(-33) + (-2912)/(-44). Suppose 0 = -4*l + 3*u + 23 + 35, -u + g = 4*l. Let k = -34 + 74. What is the greatest common factor of k and l?
8
Let p(t) = -4*t**3 - 2*t**2 - 4*t - 2. Let m be p(-2). Let o(d) = 4*d - 2. Let z be o(3). Let a be (z*2)/(-4)*-9. What is the greatest common factor of m and a?
15
Let n = 8 + -5. Suppose 5*l - 69 = 2*a, 3*l + n*a = -l + 46. Calculate the greatest common divisor of 26 and l.
13
Suppose 2*u = t - 26, 5*t + 5*u + 2 = 4*t. What is the highest common factor of t and 12?
6
Let y = -18 + 36. Calculate the highest common divisor of 27 and y.
9
Let m = -32 - -54. Calculate the highest common factor of 242 and m.
22
Suppose -q - 2*q = 5*m - 259, -5*m + 25 = 0. What is the highest common factor of 39 and q?
39
Let y(i) be the third derivative of -i**4/24 - 3*i**2. Let p be y(-7). What is the highest common factor of p and 28?
7
Let b = 80 + -41. What is the highest common factor of b and 26?
13
Let d be (1*-2)/(15/(-90)). Let q be 3/(-2)*(-8)/3. Suppose -16 = -q*v + 32. What is the greatest common divisor of d and v?
12
Let k be ((-6)/9)/(6/(-27)). Let p be ((-2)/k)/(10/(-675)). Calculate the greatest common divisor of p and 15.
15
Let k(a) = -18*a - 3. Let j be k(-1). Calculate the greatest common factor of j and 75.
15
Let s = -25 - -42. Suppose 765 = l + 4*l. What is the greatest common factor of s and l?
17
Let n = 12 - 7. Suppose -n*s + 7 - 27 = 0, -3*x + 9 = 3*s. Calculate the highest common divisor of 77 and x.
7
Let n be (-620)/(-14) + (-4)/14. What is the greatest common factor of 11 and n?
11
Let r = 1 + -1. Suppose r = -8*x + 3*x + 40. What is the highest common divisor of x and 2?
2
Let b = 12 + 0. What is the highest common divisor of 15 and b?
3
Suppose 0*k - 15 = -3*k. What is the greatest common divisor of k and 10?
5
Let o be 0 + (-6)/(-2) + 1. Suppose -15 + 71 = o*u. Let m be -2 + (-1)/(-1) + 3. What is the greatest common factor of m and u?
2
Let r be 3/(-3) + -56 + 0.